 5?
5
Let o(j) = j + 13. Let g be o(-11). Suppose i + q - g + 1 = 0, 3*i = -2*q + 2. Let c = 16 + i. Calculate the greatest common factor of 16 and c.
16
Let p = 25 + -25. Suppose -5*w - 5*c = -10 - p, -5*w - 2*c = -13. What is the highest common divisor of w and 39?
3
Suppose -d - 4*s + 15 = 0, 0 = 5*s + 14 + 1. Let y(w) = 9*w + 9. Let h be y(8). What is the highest common divisor of d and h?
27
Let k be (3 - (-17)/(-5))*-95. Let s = k - -4. Let b(t) = t**2 + 23*t - 87. Let z be b(-27). What is the highest common factor of s and z?
21
Let w(b) = b**2 + 14*b + 18. Let i = -39 + 26. Let q be w(i). Suppose q*p - 2*a = a + 32, a + 24 = 5*p. Calculate the highest common factor of p and 8.
4
Let d(v) = 55*v**2 - 51*v - 209. Let z be d(-4). What is the greatest common divisor of 70 and z?
35
Suppose i - 66 = -i. Let m be (-2)/(i/(-9) - -3). Suppose 5*t = 7*t + m*q - 219, t + 2*q = 111. What is the greatest common factor of 21 and t?
21
Suppose j = -3*j + 8. Let i be ((-1)/(4/56))/j. Let c = 45 - i. Calculate the highest common divisor of c and 78.
26
Suppose -m = 5*g - 37, 29 - 145 = -5*m - 2*g. Suppose 27*x = m*x + 195. Let u(d) = 3*d + 4. Let l be u(3). Calculate the greatest common factor of x and l.
13
Let w = 103 - 65. Let u = w + -35. What is the greatest common factor of u and 15?
3
Let p be 4/40*-4*-20. Suppose 0*h = 4*h - p. Let b(n) = n**3 - 2*n - 1. Let s be b(h). What is the greatest common factor of s and 33?
3
Suppose 0 = 3*p - 8*p - 5*o + 65, -4*o = -12. Let v be (-191)/(-3) - (-2)/6. Suppose v*q = 66*q - 140. What is the highest common divisor of q and p?
10
Suppose -4*d - 2 + 38 = 0. Let b(f) = -f**2 + 14*f - 9. Let a be b(d). Let h = a + -19. What is the highest common divisor of 34 and h?
17
Suppose 2*h - 7 = -7. Suppose h*c = 5*c - 5. Calculate the highest common factor of c and 1.
1
Suppose -4880 = i - 11*i. What is the highest common factor of 8 and i?
8
Let j = 391 + -351. Calculate the highest common factor of j and 100.
20
Suppose -4*j + 3*j + 2 = 0. Suppose 36 = j*k + 4*k. Calculate the greatest common divisor of k and 15.
3
Let z(b) = 0*b - 2*b + 13 + 15 + 0*b. Let d be z(3). Calculate the greatest common divisor of d and 33.
11
Let m be (2 + -2)/(-23 + 17). Suppose m = -0*v + 6*v - 114. Suppose -3*t = -3*w + 63, -2*w = -4*w + 5*t + 48. Calculate the highest common divisor of w and v.
19
Let n = 2654 - 1694. Calculate the greatest common divisor of 15 and n.
15
Let r = -123 + 193. Let z = 14 - 9. Let h be z/15 + (-116)/(-12). Calculate the greatest common divisor of h and r.
10
Suppose 3 = -2*r + 7. Suppose a + r*k + 16 = 2*a, 2*a - 5 = -5*k. Calculate the highest common factor of a and 4.
2
Let c = 88 - 46. Suppose 36 = 3*b - c. What is the highest common factor of b and 182?
26
Suppose 62*b = 55*b + 56. What is the greatest common factor of 112 and b?
8
Suppose 14*m = 2029 - 1777. Suppose 183 = 5*p - 267. Calculate the highest common divisor of m and p.
18
Let i be ((-4)/2)/(-1) + 6. Let y(j) = 3*j**2 - 2*j - 32. Let t be y(-6). Calculate the highest common factor of t and i.
8
Suppose -4*v - 5 + 13 = 0. Let k be ((-15)/(-2) - -2)*v. Suppose 2*i = -12, 4*x + 2*i = -2*i + 432. What is the greatest common factor of k and x?
19
Suppose 5*m - 87 = -2*h, 0*m - 2*m + 249 = 5*h. Calculate the greatest common factor of 170 and h.
17
Let p = 62 - 48. Suppose p*z - 314 = -34. Let l be 2 - ((1 - 2) + -1). Calculate the greatest common divisor of z and l.
4
Suppose 0 = 5*l - 3*z - 115, 2*z + 30 = -0*l + l. Let i = -105 + 506. Let o = i + -261. Calculate the greatest common divisor of l and o.
20
Let a be (0 - (-4 + 6))/(2/(-81)). Calculate the highest common divisor of a and 36.
9
Let a(d) = 2*d**3 + 17*d**2 + 16*d + 6. Let j be a(-6). Suppose 18*h - 3*h = j. What is the greatest common divisor of 9 and h?
3
Let r = 32 - 22. Suppose 0 = -6*x + r*x - 28. Suppose -b + 4*q + x = -0*b, -q = 3*b - 47. What is the greatest common factor of b and 75?
15
Suppose 15*u = 10*u + 20. Suppose 5*r - 114 = -4*t, -5*t + 3*t = -u*r - 44. Calculate the highest common divisor of 13 and t.
13
Let w = -9 - -23. Suppose 5*x = 2*x + 66. Let u = x - w. What is the greatest common factor of 88 and u?
8
Let h(i) = 10*i**2 - 2*i - 1. Let r be h(2). Suppose n + r = -29. Let m = n - -94. Calculate the highest common divisor of m and 45.
15
Let m(f) = 23*f + 21. Let t be m(0). Calculate the highest common factor of 105 and t.
21
Suppose 27 = 4*k - k. Suppose 3 = -2*f + 9, q = -2*f - 20. Let h = q - -44. What is the greatest common divisor of h and k?
9
Let g be (-4)/(-20)*0 + 1. Let s be g + -3 + (-202)/(-2). Calculate the greatest common divisor of s and 9.
9
Suppose -23 = 2*f - 3. Let d be (f/(-8))/(4/144). Suppose -p = n - 26, 5*p - n - 133 = 21. Calculate the greatest common factor of p and d.
15
Suppose -j = -4*m - 122, 5 + 84 = -3*m + 2*j. Let u = -29 - m. Calculate the greatest common divisor of 14 and u.
2
Let y(j) = -24*j - 11. Let k be (0 - (-4)/8) + 5/(-2). Let t be y(k). Calculate the greatest common factor of t and 407.
37
Suppose -65 = -2*v + 3*w, -5*v + 5*w + 160 = 5. Suppose 4*k - 4 = v. Calculate the greatest common divisor of k and 4.
4
Let g be (-7 - (-30 - -12)) + 1679. Calculate the highest common factor of g and 10.
10
Suppose 100 = m + 4*m. Suppose -2*q = -5*i - 48, -i + 0*i - q - 11 = 0. Let h be (4/i)/((-2)/40). Calculate the greatest common divisor of m and h.
4
Let h(j) = -3*j**3 - 18*j**2 + 16*j - 8. Suppose 0 = 3*b - 7*b - k - 33, -4*k + 8 = -4*b. Let a be h(b). Calculate the greatest common divisor of 108 and a.
27
Let p = -106 - -129. What is the highest common divisor of p and 1380?
23
Let p = 31 - 13. Let r be 3 + 292/20 + 10/25. What is the highest common divisor of p and r?
18
Suppose 3 = -s + 2. Let h be s*(-4 - -10)/3. Let x be ((-60)/21)/(h/7). What is the greatest common divisor of x and 30?
10
Let c be (10/4)/((-105)/(-336)). What is the highest common divisor of c and 568?
8
Suppose -3*a + 14 = 3*p - 16, 0 = -2*a + 3*p + 10. Let i(n) = n + 72. Let m be i(0). Calculate the greatest common divisor of m and a.
8
Let z = 17 + -14. Suppose z*w = n + 10, 2*w + 4*n = -w + 20. Suppose -4*l = -2*m + 32, 5*m - w*l = 31 + 61. Calculate the greatest common divisor of 8 and m.
4
Let b(a) = 32*a - 159. Let r be b(17). What is the greatest common factor of r and 35?
35
Let j(g) = 8*g - 5. Let i be j(4). Suppose -x + t + 20 = 0, 2*t + 44 = x + 22. What is the greatest common divisor of i and x?
9
Suppose -5*m + 13 = 2*z, 2*z + 2*m - 48 = 4*m. Suppose -5 = -3*o - 32. Let b be 24/o*-57 + 0. Calculate the highest common divisor of z and b.
19
Let l = -13 + 15. Let d = 14 - l. Let x = 91 - 7. What is the greatest common divisor of x and d?
12
Let j be (0 - -1) + 0/13. Let t(u) = 9*u - 3. Let f be t(j). What is the highest common factor of 30 and f?
6
Suppose 139*g - 140*g = -1540. What is the greatest common factor of g and 140?
140
Suppose 8*y = 23*y + 285. Let a(s) = s**3 + 18*s**2 - 18*s + 41. Let u be a(y). What is the greatest common factor of 55 and u?
11
Let j = -69 - -73. Let q(d) = -d + 5. Let x be q(3). Suppose 5*h + x = 22. What is the highest common divisor of j and h?
4
Let r be (-5)/(-10 + 0)*6. Suppose -5*x + 3*h + 102 = -264, r*h - 282 = -4*x. Calculate the highest common factor of 6 and x.
6
Let w be (-2)/(-11) - (-24)/(-132). Suppose w = 5*y + 20, -7*x + 3*x = 5*y + 896. Let l = 372 + x. Calculate the highest common factor of 17 and l.
17
Suppose 14 = 2*m + 2*h, -6*h = -2*h. Suppose 5 = 4*z - 11. Suppose -4*i + 5*y + 193 = 2*y, -z*i = 3*y - 199. Calculate the highest common divisor of i and m.
7
Let p = 3 - -129. Calculate the highest common factor of 12 and p.
12
Let b(c) = -c + 9. Let u be b(12). Let l be 8/u*54/(-4). Suppose 4*r = -4*a + 279 + 97, 5*a + 430 = 5*r. What is the highest common factor of r and l?
18
Let r(n) = n**3 + 11*n**2 + 5*n - 23. Let p be r(-10). Suppose p*a = 28*a - 26. What is the highest common factor of 91 and a?
13
Let n = -1019 - -1030. Calculate the highest common divisor of n and 99.
11
Let d = 135 - 95. Suppose -3*x + 11 = 2*x - 3*b, 2*x = 4*b - 4. Suppose x*z = 2*z + 20. What is the highest common divisor of d and z?
10
Suppose -5*t = 2*f - 5*f + 37, 0 = 4*t + 4*f + 4. Let q = t + -1. L